{"id":608,"date":"2022-06-10T19:22:20","date_gmt":"2022-06-10T19:22:20","guid":{"rendered":"https:\/\/demo.themedraft.net\/wp\/doctio\/?page_id=608"},"modified":"2025-07-15T11:41:56","modified_gmt":"2025-07-15T11:41:56","slug":"about-us","status":"publish","type":"page","link":"https:\/\/aismthienaba.org\/index.php\/about-us\/","title":{"rendered":"A propos"},"content":{"rendered":"\t\t<div data-elementor-type=\"wp-page\" data-elementor-id=\"608\" class=\"elementor elementor-608\" data-elementor-post-type=\"page\">\n\t\t\t\t\t\t<section class=\"elementor-section elementor-top-section elementor-element elementor-element-433d3c3b elementor-section-stretched elementor-section-boxed elementor-section-height-default elementor-section-height-default\" data-id=\"433d3c3b\" data-element_type=\"section\" data-settings=\"{&quot;stretch_section&quot;:&quot;section-stretched&quot;}\">\n\t\t\t\t\t\t<div class=\"elementor-container elementor-column-gap-default\">\n\t\t\t\t\t<div class=\"elementor-column elementor-col-50 elementor-top-column elementor-element elementor-element-2ec804cd\" data-id=\"2ec804cd\" data-element_type=\"column\">\n\t\t\t<div class=\"elementor-widget-wrap elementor-element-populated\">\n\t\t\t\t\t\t<div class=\"elementor-element elementor-element-7f8a77d3 elementor-widget elementor-widget-themedraft_section_title\" data-id=\"7f8a77d3\" data-element_type=\"widget\" data-widget_type=\"themedraft_section_title.default\">\n\t\t\t\t<div class=\"elementor-widget-container\">\n\t\t\t\t\t\n\t\t<div class=\"td-section-title-wrapper\">\n            <div class=\"td-section-title-content td-secondary-font\">\n                                    <div class=\"td-section-title-bg-text\">\n                        \u00c0 propos de l\u2019AISM                      <\/div>\n                \n                                    <div class=\"td-section-subtitle td-primary-color\">\n                        \u00c0 propos de l\u2019AISM                      <\/div>\n                \n                                    <div class=\"td-section-title\">\n                        <h2>L\u2019AISM de Thi\u00e9naba : un engagement<\/h2>                    <\/div>\n                                        <div class=\"title-bottom-line\" style=\"background-image: url(https:\/\/demo.themedraft.net\/wp\/doctio\/wp-content\/uploads\/2022\/06\/line-1.png)\"><\/div>\n                                                <\/div>\n\t\t<\/div>\n\t\t\t\t\t\t<\/div>\n\t\t\t\t<\/div>\n\t\t\t\t<div class=\"elementor-element elementor-element-6b2eb3ed elementor-widget elementor-widget-themedraft_text\" data-id=\"6b2eb3ed\" data-element_type=\"widget\" data-widget_type=\"themedraft_text.default\">\n\t\t\t\t<div class=\"elementor-widget-container\">\n\t\t\t\t\t\n\t\t<div class=\"td-text-wrapper\">\n\t\t\t<h5>Dans les ann\u00e9es 90, les populations de Thi\u00e9naba ont pay\u00e9 un lourd tribut en termes de morbidit\u00e9 (3459 cas d\u2019acc\u00e8s palustre), de mortalit\u00e9 \u00e9lev\u00e9e, d\u2019impact socio-\u00e9conomique d\u00fb au paludisme.<br \/>NB: notamment d\u00e9c\u00e8s d\u2019enfants et de femmes qui accouchaient<br \/>Parmi ces enfants une fille de 12 ans du nom d\u2019AMI DIOP qui, apr\u00e8s 02 jours de souffrance, est finalement d\u00e9c\u00e9d\u00e9e.<br \/>AMI DIOP est la fille de Mr El hadji Diop actuel Pr\u00e9sident de l\u2019AISM de Thi\u00e9naba, votre serviteur.<\/h5>\n            \t\t<\/div>\n\n\t\t\t\t\t\t<\/div>\n\t\t\t\t<\/div>\n\t\t\t\t<div class=\"elementor-element elementor-element-af76467 elementor-widget elementor-widget-themedraft_text\" data-id=\"af76467\" data-element_type=\"widget\" data-widget_type=\"themedraft_text.default\">\n\t\t\t\t<div class=\"elementor-widget-container\">\n\t\t\t\t\t\n\t\t<div class=\"td-text-wrapper\">\n\t\t\t<h5>Ces \u00e9v\u00e8nements douloureux ont scell\u00e9 l\u2019engagement et la coh\u00e9sion communautaire autour d\u2019un m\u00eame but pour donner naissance \u00e0 l\u2019Association Islamique Sopey Mohamed (AISM) qui entend, d\u00e9sormais, apporter la riposte \u00e0 m\u00eame de juguler le fl\u00e9au du paludisme. L\u2019AISM est un projet communautaire bas\u00e9 sur la participation et l\u2019appropriation des activit\u00e9s de lutte contre le paludisme.<\/h5><p>\u00a0<\/p>\n            \t\t<\/div>\n\n\t\t\t\t\t\t<\/div>\n\t\t\t\t<\/div>\n\t\t\t\t\t<\/div>\n\t\t<\/div>\n\t\t\t\t<div class=\"elementor-column elementor-col-50 elementor-top-column elementor-element elementor-element-5ceb424b\" data-id=\"5ceb424b\" data-element_type=\"column\">\n\t\t\t<div class=\"elementor-widget-wrap elementor-element-populated\">\n\t\t\t\t\t\t<div class=\"elementor-element elementor-element-57bbf0af elementor-widget elementor-widget-themedraft_image_with_caption\" data-id=\"57bbf0af\" data-element_type=\"widget\" data-widget_type=\"themedraft_image_with_caption.default\">\n\t\t\t\t<div class=\"elementor-widget-container\">\n\t\t\t\t\t\n\t\t<div class=\"td-img-caption-wrapper td-secondary-font\">\n            <div class=\"td-caption-images\">\n                <div class=\"td-caption-img-one td-cover-bg\" style=\"background-image: url(http:\/\/aismthienaba.org\/wp-content\/uploads\/2025\/05\/493429515_988678220141463_4255323917388563542_n.jpg)\"><\/div>\n                <div class=\"td-caption-img-two td-cover-bg\" style=\"background-image: url(http:\/\/aismthienaba.org\/wp-content\/uploads\/2025\/05\/Image6.jpg)\"><\/div>\n\n                <div class=\"td-img-caption\">\n                    <span>+50<\/span> villages lib\u00e9r\u00e9s du paludisme                 <\/div>\n            <\/div>\n\t\t<\/div>\n\n\t\t\t\t\t\t<\/div>\n\t\t\t\t<\/div>\n\t\t\t\t<div class=\"elementor-element elementor-element-9400900 elementor-widget elementor-widget-text-editor\" data-id=\"9400900\" data-element_type=\"widget\" data-widget_type=\"text-editor.default\">\n\t\t\t\t<div class=\"elementor-widget-container\">\n\t\t\t\t\t\t\t\t\t<h3 class=\"\" data-start=\"193\" data-end=\"243\"><strong data-start=\"197\" data-end=\"243\">Activit\u00e9s majeures post-cr\u00e9ation de l\u2019AISM<\/strong><\/h3><p class=\"\" data-start=\"245\" data-end=\"461\">Depuis sa cr\u00e9ation, l\u2019AISM s\u2019est engag\u00e9e dans des actions concr\u00e8tes de lutte contre le paludisme, en mettant l\u2019accent sur la sensibilisation communautaire, la salubrit\u00e9, et la pr\u00e9vention. Parmi les activit\u00e9s phares :<\/p><ol data-start=\"463\" data-end=\"1766\"><li class=\"\" data-start=\"463\" data-end=\"750\"><p class=\"\" data-start=\"466\" data-end=\"750\"><strong data-start=\"466\" data-end=\"519\">Organisation de journ\u00e9es d\u2019\u00e9tude sur le paludisme<\/strong><br data-start=\"519\" data-end=\"522\" \/>\u27a4 Tenues les <strong data-start=\"538\" data-end=\"560\">12 et 13 ao\u00fbt 2000<\/strong> \u00e0 Thi\u00e9naba, ces journ\u00e9es ont \u00e9t\u00e9 <strong data-start=\"594\" data-end=\"625\">pr\u00e9sid\u00e9es par M. Abdou Fall<\/strong>, alors Ministre de la Sant\u00e9. Elles ont permis de poser les bases de la strat\u00e9gie communautaire de lutte contre le paludisme.<\/p><\/li><li class=\"\" data-start=\"752\" data-end=\"1040\"><p class=\"\" data-start=\"755\" data-end=\"1040\"><strong data-start=\"755\" data-end=\"807\">Mise en place des comit\u00e9s d\u2019action communautaire<\/strong><br data-start=\"807\" data-end=\"810\" \/>\u27a4 Ces comit\u00e9s, initialement d\u00e9di\u00e9s \u00e0 la lutte contre le paludisme, ont \u00e9volu\u00e9 pour devenir les <strong data-start=\"908\" data-end=\"963\">comit\u00e9s villageois de salubrit\u00e9 et de d\u00e9veloppement<\/strong>, jouant un r\u00f4le essentiel dans l&rsquo;am\u00e9lioration des conditions de vie locales.<\/p><\/li><li class=\"\" data-start=\"1042\" data-end=\"1263\"><p class=\"\" data-start=\"1045\" data-end=\"1263\"><strong data-start=\"1045\" data-end=\"1088\">Lancement des op\u00e9rations de <em data-start=\"1075\" data-end=\"1086\">Set-Setal<\/em><\/strong><br data-start=\"1088\" data-end=\"1091\" \/>\u27a4 L\u2019AISM a instaur\u00e9 un <strong data-start=\"1117\" data-end=\"1155\">calendrier r\u00e9gulier de nettoiement<\/strong> des quartiers et villages participants, mobilisant les populations autour d\u2019actions concr\u00e8tes de salubrit\u00e9.<\/p><\/li><li class=\"\" data-start=\"1265\" data-end=\"1513\"><p class=\"\" data-start=\"1268\" data-end=\"1513\"><strong data-start=\"1268\" data-end=\"1310\">Promotion des moustiquaires impr\u00e9gn\u00e9es<\/strong><br data-start=\"1310\" data-end=\"1313\" \/>\u27a4 \u00c0 une \u00e9poque o\u00f9 leur usage \u00e9tait <strong data-start=\"1351\" data-end=\"1381\">peu r\u00e9pandu et mal compris<\/strong>, l\u2019AISM a \u0153uvr\u00e9 \u00e0 <strong data-start=\"1400\" data-end=\"1429\">sensibiliser les familles<\/strong> sur l\u2019importance et l\u2019efficacit\u00e9 des moustiquaires pour la pr\u00e9vention du paludisme.<\/p><\/li><li class=\"\" data-start=\"1515\" data-end=\"1766\"><p class=\"\" data-start=\"1518\" data-end=\"1766\"><strong data-start=\"1518\" data-end=\"1569\">R\u00e9f\u00e9rence pr\u00e9coce des cas suspects de paludisme<\/strong><br data-start=\"1569\" data-end=\"1572\" \/>\u27a4 L\u2019association a encourag\u00e9 les communaut\u00e9s \u00e0 <strong data-start=\"1621\" data-end=\"1697\">diriger rapidement toute personne fi\u00e9vreuse vers les structures de sant\u00e9<\/strong> les plus proches, favorisant une prise en charge rapide et efficace.<\/p><\/li><\/ol>\t\t\t\t\t\t\t\t<\/div>\n\t\t\t\t<\/div>\n\t\t\t\t\t<\/div>\n\t\t<\/div>\n\t\t\t\t\t<\/div>\n\t\t<\/section>\n\t\t\t\t<section class=\"elementor-section elementor-top-section elementor-element elementor-element-1cd4493e elementor-section-stretched elementor-section-boxed elementor-section-height-default elementor-section-height-default\" data-id=\"1cd4493e\" data-element_type=\"section\" data-settings=\"{&quot;stretch_section&quot;:&quot;section-stretched&quot;}\">\n\t\t\t\t\t\t<div class=\"elementor-container elementor-column-gap-default\">\n\t\t\t\t\t<div class=\"elementor-column elementor-col-100 elementor-top-column elementor-element elementor-element-45167e09\" data-id=\"45167e09\" data-element_type=\"column\">\n\t\t\t<div class=\"elementor-widget-wrap elementor-element-populated\">\n\t\t\t\t\t\t<div class=\"elementor-element elementor-element-15732c1 elementor-widget elementor-widget-themedraft_counter_up\" data-id=\"15732c1\" data-element_type=\"widget\" data-widget_type=\"themedraft_counter_up.default\">\n\t\t\t\t<div class=\"elementor-widget-container\">\n\t\t\t\t\t        <div class=\"counter-up-wrapper td-counter-box-29475\">\n                        <div class=\"td-section-title-bg-text td-secondary-font\" style=\"z-index:1;\">Statistics<\/div>\n            \n            <div class=\"row\">\n                                        <div class=\"col-xl-4 col-lg-4 col-md-6 col-6\">\n                            <div class=\"td-counter-box\">\n                                <div class=\"td-counter-content\">\n                                    <div class=\"td-count-icon\">\n                                        <i aria-hidden=\"true\" class=\"flaticon-doctor-1\"><\/i>                                    <\/div>\n\n                                    <div class=\"td-count-number-and-unit td-secondary-font\">\n                                        <span class=\"td-count-number\">50<\/span>+                                    <\/div>\n\n                                    <div class=\"td-count-title\">Villages<\/div>\n                                <\/div>\n                            <\/div>\n                        <\/div>\n                                                <div class=\"col-xl-4 col-lg-4 col-md-6 col-6\">\n                            <div class=\"td-counter-box\">\n                                <div class=\"td-counter-content\">\n                                    <div class=\"td-count-icon\">\n                                        <i aria-hidden=\"true\" class=\"td-icon flaticon-laboratory\"><\/i>                                    <\/div>\n\n                                    <div class=\"td-count-number-and-unit td-secondary-font\">\n                                        <span class=\"td-count-number\">250<\/span>+                                    <\/div>\n\n                                    <div class=\"td-count-title\">Acteurs<\/div>\n                                <\/div>\n                            <\/div>\n                        <\/div>\n                                                <div class=\"col-xl-4 col-lg-4 col-md-6 col-6\">\n                            <div class=\"td-counter-box\">\n                                <div class=\"td-counter-content\">\n                                    <div class=\"td-count-icon\">\n                                        <i aria-hidden=\"true\" class=\"td-icon flaticon-award-1\"><\/i>                                    <\/div>\n\n                                    <div class=\"td-count-number-and-unit td-secondary-font\">\n                                        <span class=\"td-count-number\">0<\/span>+                                    <\/div>\n\n                                    <div class=\"td-count-title\">Cas de paludisme<\/div>\n                                <\/div>\n                            <\/div>\n                        <\/div>\n                                    <\/div>\n\n        <\/div>\n\n        <script>\n            (function ($) {\n                \"use strict\";\n                \/*====  Document Ready Function =====*\/\n                jQuery(document).ready(function($){\n                    $(\".td-counter-box-29475 .td-count-number\").counterUp({\n                        delay: 10,\n                        time: 2000\n                    });\n                });\n            }(jQuery));\n        <\/script>\n\t\t\t\t\t\t<\/div>\n\t\t\t\t<\/div>\n\t\t\t\t\t<\/div>\n\t\t<\/div>\n\t\t\t\t\t<\/div>\n\t\t<\/section>\n\t\t\t\t<section class=\"elementor-section elementor-top-section elementor-element elementor-element-5a78f735 elementor-section-full_width elementor-section-stretched elementor-section-height-default elementor-section-height-default\" data-id=\"5a78f735\" data-element_type=\"section\" data-settings=\"{&quot;stretch_section&quot;:&quot;section-stretched&quot;,&quot;background_background&quot;:&quot;classic&quot;}\">\n\t\t\t\t\t\t<div class=\"elementor-container elementor-column-gap-default\">\n\t\t\t\t\t<div class=\"elementor-column elementor-col-100 elementor-top-column elementor-element elementor-element-52e49418\" data-id=\"52e49418\" data-element_type=\"column\">\n\t\t\t<div class=\"elementor-widget-wrap\">\n\t\t\t\t\t\t\t<\/div>\n\t\t<\/div>\n\t\t\t\t\t<\/div>\n\t\t<\/section>\n\t\t\t\t<\/div>\n\t\t","protected":false},"excerpt":{"rendered":"<p>\u00c0 propos de l\u2019AISM \u00c0 propos de l\u2019AISM L\u2019AISM de Thi\u00e9naba : un engagement Dans les ann\u00e9es 90, les populations de Thi\u00e9naba ont pay\u00e9 un lourd tribut en termes de morbidit\u00e9 (3459 cas d\u2019acc\u00e8s palustre), de mortalit\u00e9 \u00e9lev\u00e9e, d\u2019impact socio-\u00e9conomique d\u00fb au paludisme.NB: notamment d\u00e9c\u00e8s d\u2019enfants et de femmes qui accouchaientParmi ces enfants une fille [&hellip;]<\/p>\n","protected":false},"author":1,"featured_media":0,"parent":0,"menu_order":0,"comment_status":"closed","ping_status":"closed","template":"","meta":{"footnotes":""},"class_list":["post-608","page","type-page","status-publish","hentry"],"_links":{"self":[{"href":"https:\/\/aismthienaba.org\/index.php\/wp-json\/wp\/v2\/pages\/608","targetHints":{"allow":["GET"]}}],"collection":[{"href":"https:\/\/aismthienaba.org\/index.php\/wp-json\/wp\/v2\/pages"}],"about":[{"href":"https:\/\/aismthienaba.org\/index.php\/wp-json\/wp\/v2\/types\/page"}],"author":[{"embeddable":true,"href":"https:\/\/aismthienaba.org\/index.php\/wp-json\/wp\/v2\/users\/1"}],"replies":[{"embeddable":true,"href":"https:\/\/aismthienaba.org\/index.php\/wp-json\/wp\/v2\/comments?post=608"}],"version-history":[{"count":14,"href":"https:\/\/aismthienaba.org\/index.php\/wp-json\/wp\/v2\/pages\/608\/revisions"}],"predecessor-version":[{"id":1219,"href":"https:\/\/aismthienaba.org\/index.php\/wp-json\/wp\/v2\/pages\/608\/revisions\/1219"}],"wp:attachment":[{"href":"https:\/\/aismthienaba.org\/index.php\/wp-json\/wp\/v2\/media?parent=608"}],"curies":[{"name":"wp","href":"https:\/\/api.w.org\/{rel}","templated":true}]}}

<div data-elementor-type="wp-page" data-elementor-id="608" class="elementor elementor-608" data-elementor-post-type="page">
						<section class="elementor-section elementor-top-section elementor-element elementor-element-433d3c3b elementor-section-stretched elementor-section-boxed elementor-section-height-default elementor-section-height-default" data-id="433d3c3b" data-element_type="section" data-settings="{&quot;stretch_section&quot;:&quot;section-stretched&quot;}">
						<div class="elementor-container elementor-column-gap-default">
					<div class="elementor-column elementor-col-50 elementor-top-column elementor-element elementor-element-2ec804cd" data-id="2ec804cd" data-element_type="column">
			<div class="elementor-widget-wrap elementor-element-populated">
						<div class="elementor-element elementor-element-7f8a77d3 elementor-widget elementor-widget-themedraft_section_title" data-id="7f8a77d3" data-element_type="widget" data-widget_type="themedraft_section_title.default">
				<div class="elementor-widget-container">
					
		<div class="td-section-title-wrapper">
            <div class="td-section-title-content td-secondary-font">
                                    <div class="td-section-title-bg-text">
                        À propos de l’AISM                      </div>
                
                                    <div class="td-section-subtitle td-primary-color">
                        À propos de l’AISM                      </div>
                
                                    <div class="td-section-title">
                        <h2>L’AISM de Thiénaba : un engagement</h2>                    </div>
                                        <div class="title-bottom-line" style="background-image: url(https://demo.themedraft.net/wp/doctio/wp-content/uploads/2022/06/line-1.png)"></div>
                                                </div>
		</div>
						</div>
				</div>
				<div class="elementor-element elementor-element-6b2eb3ed elementor-widget elementor-widget-themedraft_text" data-id="6b2eb3ed" data-element_type="widget" data-widget_type="themedraft_text.default">
				<div class="elementor-widget-container">
					
		<div class="td-text-wrapper">
			<h5>Dans les années 90, les populations de Thiénaba ont payé un lourd tribut en termes de morbidité (3459 cas d’accès palustre), de mortalité élevée, d’impact socio-économique dû au paludisme.<br />NB: notamment décès d’enfants et de femmes qui accouchaient<br />Parmi ces enfants une fille de 12 ans du nom d’AMI DIOP qui, après 02 jours de souffrance, est finalement décédée.<br />AMI DIOP est la fille de Mr El hadji Diop actuel Président de l’AISM de Thiénaba, votre serviteur.</h5>
            		</div>

						</div>
				</div>
				<div class="elementor-element elementor-element-af76467 elementor-widget elementor-widget-themedraft_text" data-id="af76467" data-element_type="widget" data-widget_type="themedraft_text.default">
				<div class="elementor-widget-container">
					
		<div class="td-text-wrapper">
			<h5>Ces évènements douloureux ont scellé l’engagement et la cohésion communautaire autour d’un même but pour donner naissance à l’Association Islamique Sopey Mohamed (AISM) qui entend, désormais, apporter la riposte à même de juguler le fléau du paludisme. L’AISM est un projet communautaire basé sur la participation et l’appropriation des activités de lutte contre le paludisme.</h5><p> </p>
            		</div>

						</div>
				</div>
					</div>
		</div>
				<div class="elementor-column elementor-col-50 elementor-top-column elementor-element elementor-element-5ceb424b" data-id="5ceb424b" data-element_type="column">
			<div class="elementor-widget-wrap elementor-element-populated">
						<div class="elementor-element elementor-element-57bbf0af elementor-widget elementor-widget-themedraft_image_with_caption" data-id="57bbf0af" data-element_type="widget" data-widget_type="themedraft_image_with_caption.default">
				<div class="elementor-widget-container">
					
		<div class="td-img-caption-wrapper td-secondary-font">
            <div class="td-caption-images">
                <div class="td-caption-img-one td-cover-bg" style="background-image: url(http://aismthienaba.org/wp-content/uploads/2025/05/493429515_988678220141463_4255323917388563542_n.jpg)"></div>
                <div class="td-caption-img-two td-cover-bg" style="background-image: url(http://aismthienaba.org/wp-content/uploads/2025/05/Image6.jpg)"></div>

                <div class="td-img-caption">
                    <span>+50</span> villages libérés du paludisme                 </div>
            </div>
		</div>

						</div>
				</div>
				<div class="elementor-element elementor-element-9400900 elementor-widget elementor-widget-text-editor" data-id="9400900" data-element_type="widget" data-widget_type="text-editor.default">
				<div class="elementor-widget-container">
									<h3 class="" data-start="193" data-end="243"><strong data-start="197" data-end="243">Activités majeures post-création de l’AISM</strong></h3><p class="" data-start="245" data-end="461">Depuis sa création, l’AISM s’est engagée dans des actions concrètes de lutte contre le paludisme, en mettant l’accent sur la sensibilisation communautaire, la salubrité, et la prévention. Parmi les activités phares :</p><ol data-start="463" data-end="1766"><li class="" data-start="463" data-end="750"><p class="" data-start="466" data-end="750"><strong data-start="466" data-end="519">Organisation de journées d’étude sur le paludisme</strong><br data-start="519" data-end="522" />➤ Tenues les <strong data-start="538" data-end="560">12 et 13 août 2000</strong> à Thiénaba, ces journées ont été <strong data-start="594" data-end="625">présidées par M. Abdou Fall</strong>, alors Ministre de la Santé. Elles ont permis de poser les bases de la stratégie communautaire de lutte contre le paludisme.</p></li><li class="" data-start="752" data-end="1040"><p class="" data-start="755" data-end="1040"><strong data-start="755" data-end="807">Mise en place des comités d’action communautaire</strong><br data-start="807" data-end="810" />➤ Ces comités, initialement dédiés à la lutte contre le paludisme, ont évolué pour devenir les <strong data-start="908" data-end="963">comités villageois de salubrité et de développement</strong>, jouant un rôle essentiel dans l&rsquo;amélioration des conditions de vie locales.</p></li><li class="" data-start="1042" data-end="1263"><p class="" data-start="1045" data-end="1263"><strong data-start="1045" data-end="1088">Lancement des opérations de <em data-start="1075" data-end="1086">Set-Setal</em></strong><br data-start="1088" data-end="1091" />➤ L’AISM a instauré un <strong data-start="1117" data-end="1155">calendrier régulier de nettoiement</strong> des quartiers et villages participants, mobilisant les populations autour d’actions concrètes de salubrité.</p></li><li class="" data-start="1265" data-end="1513"><p class="" data-start="1268" data-end="1513"><strong data-start="1268" data-end="1310">Promotion des moustiquaires imprégnées</strong><br data-start="1310" data-end="1313" />➤ À une époque où leur usage était <strong data-start="1351" data-end="1381">peu répandu et mal compris</strong>, l’AISM a œuvré à <strong data-start="1400" data-end="1429">sensibiliser les familles</strong> sur l’importance et l’efficacité des moustiquaires pour la prévention du paludisme.</p></li><li class="" data-start="1515" data-end="1766"><p class="" data-start="1518" data-end="1766"><strong data-start="1518" data-end="1569">Référence précoce des cas suspects de paludisme</strong><br data-start="1569" data-end="1572" />➤ L’association a encouragé les communautés à <strong data-start="1621" data-end="1697">diriger rapidement toute personne fiévreuse vers les structures de santé</strong> les plus proches, favorisant une prise en charge rapide et efficace.</p></li></ol>								</div>
				</div>
					</div>
		</div>
					</div>
		</section>
				<section class="elementor-section elementor-top-section elementor-element elementor-element-1cd4493e elementor-section-stretched elementor-section-boxed elementor-section-height-default elementor-section-height-default" data-id="1cd4493e" data-element_type="section" data-settings="{&quot;stretch_section&quot;:&quot;section-stretched&quot;}">
						<div class="elementor-container elementor-column-gap-default">
					<div class="elementor-column elementor-col-100 elementor-top-column elementor-element elementor-element-45167e09" data-id="45167e09" data-element_type="column">
			<div class="elementor-widget-wrap elementor-element-populated">
						<div class="elementor-element elementor-element-15732c1 elementor-widget elementor-widget-themedraft_counter_up" data-id="15732c1" data-element_type="widget" data-widget_type="themedraft_counter_up.default">
				<div class="elementor-widget-container">
					        <div class="counter-up-wrapper td-counter-box-29475">
                        <div class="td-section-title-bg-text td-secondary-font" style="z-index:1;">Statistics</div>
            
            <div class="row">
                                        <div class="col-xl-4 col-lg-4 col-md-6 col-6">
                            <div class="td-counter-box">
                                <div class="td-counter-content">
                                    <div class="td-count-icon">
                                        <i aria-hidden="true" class="flaticon-doctor-1"></i>                                    </div>

                                    <div class="td-count-number-and-unit td-secondary-font">
                                        <span class="td-count-number">50</span>+                                    </div>

                                    <div class="td-count-title">Villages</div>
                                </div>
                            </div>
                        </div>
                                                <div class="col-xl-4 col-lg-4 col-md-6 col-6">
                            <div class="td-counter-box">
                                <div class="td-counter-content">
                                    <div class="td-count-icon">
                                        <i aria-hidden="true" class="td-icon flaticon-laboratory"></i>                                    </div>

                                    <div class="td-count-number-and-unit td-secondary-font">
                                        <span class="td-count-number">250</span>+                                    </div>

                                    <div class="td-count-title">Acteurs</div>
                                </div>
                            </div>
                        </div>
                                                <div class="col-xl-4 col-lg-4 col-md-6 col-6">
                            <div class="td-counter-box">
                                <div class="td-counter-content">
                                    <div class="td-count-icon">
                                        <i aria-hidden="true" class="td-icon flaticon-award-1"></i>                                    </div>

                                    <div class="td-count-number-and-unit td-secondary-font">
                                        <span class="td-count-number">0</span>+                                    </div>

                                    <div class="td-count-title">Cas de paludisme</div>
                                </div>
                            </div>
                        </div>
                                    </div>

        </div>

        <script>
            (function ($) {
                "use strict";
                /*====  Document Ready Function =====*/
                jQuery(document).ready(function($){
                    $(".td-counter-box-29475 .td-count-number").counterUp({
                        delay: 10,
                        time: 2000
                    });
                });
            }(jQuery));
        </script>
						</div>
				</div>
					</div>
		</div>
					</div>
		</section>
				<section class="elementor-section elementor-top-section elementor-element elementor-element-5a78f735 elementor-section-full_width elementor-section-stretched elementor-section-height-default elementor-section-height-default" data-id="5a78f735" data-element_type="section" data-settings="{&quot;stretch_section&quot;:&quot;section-stretched&quot;,&quot;background_background&quot;:&quot;classic&quot;}">
						<div class="elementor-container elementor-column-gap-default">
					<div class="elementor-column elementor-col-100 elementor-top-column elementor-element elementor-element-52e49418" data-id="52e49418" data-element_type="column">
			<div class="elementor-widget-wrap">
							</div>
		</div>
					</div>
		</section>
				</div>

<p>À propos de l’AISM À propos de l’AISM L’AISM de Thiénaba : un engagement Dans les années 90, les populations de Thiénaba ont payé un lourd tribut en termes de morbidité (3459 cas d’accès palustre), de mortalité élevée, d’impact socio-économique dû au paludisme.NB: notamment décès d’enfants et de femmes qui accouchaientParmi ces enfants une fille [&hellip;]</p>
